f 253462789.
31, 73, 3613
What are the prime factors of 69564688?
2, 719, 6047
List the prime factors of 276113490.
2, 3, 5, 17, 31847
What are the prime factors of 26610949?
167, 159347
What are the prime factors of 84069036?
2, 3, 778417
List the prime factors of 17603778.
2, 3, 2933963
List the prime factors of 3950804700.
2, 3, 5, 1463261
List the prime factors of 11938753.
37, 322669
List the prime factors of 36289462.
2, 11, 1649521
What are the prime factors of 150700985?
5, 1123, 26839
What are the prime factors of 475202990?
2, 5, 29, 73, 22447
List the prime factors of 221071005.
3, 5, 1637563
What are the prime factors of 53179565?
5, 23, 163, 2837
List the prime factors of 139168222.
2, 17, 47, 73, 1193
What are the prime factors of 960337741?
11, 3623, 24097
List the prime factors of 1417581361.
7, 31, 1867, 3499
What are the prime factors of 53647568?
2, 13, 257921
What are the prime factors of 2642921886?
2, 3, 11, 40044271
List the prime factors of 2376709409.
1831, 1298039
List the prime factors of 907051696.
2, 71, 798461
List the prime factors of 336038226.
2, 3, 56006371
List the prime factors of 1842126418.
2, 11, 19, 97, 45433
List the prime factors of 51098866.
2, 7, 13, 19, 2111
List the prime factors of 16390243.
1571, 10433
What are the prime factors of 425427058?
2, 7, 30387647
List the prime factors of 1032209208.
2, 3, 14336239
List the prime factors of 1533909888.
2, 3, 7, 37, 53, 97
List the prime factors of 105656739.
3, 19, 1853627
What are the prime factors of 73800524?
2, 7, 71, 37123
What are the prime factors of 77352957?
3, 11, 367, 2129
What are the prime factors of 41042021?
41042021
List the prime factors of 246587627.
11, 13, 1724389
List the prime factors of 82269461.
1103, 74587
List the prime factors of 134076615.
3, 5, 59, 151499
List the prime factors of 1822995725.
5, 72919829
List the prime factors of 1986832982.
2, 993416491
What are the prime factors of 3754607683?
16249, 231067
List the prime factors of 88886246.
2, 43, 359, 2879
What are the prime factors of 924730737?
3, 7, 89, 241, 2053
What are the prime factors of 38397050?
2, 5, 17, 199, 227
List the prime factors of 51164376.
2, 3, 2131849
What are the prime factors of 2136130521?
3, 7, 449, 226549
What are the prime factors of 143585945?
5, 19, 79549
What are the prime factors of 56489140?
2, 5, 349, 8093
List the prime factors of 25092294.
2, 3, 4182049
What are the prime factors of 47504536?
2, 53, 181, 619
What are the prime factors of 125267485?
5, 7, 3579071
What are the prime factors of 353962550?
2, 5, 7079251
What are the prime factors of 35063104?
2, 53, 10337
List the prime factors of 1157078365.
5, 23, 10061551
List the prime factors of 95506591.
95506591
What are the prime factors of 53344652?
2, 13336163
List the prime factors of 1677487217.
7, 34234433
List the prime factors of 10780028.
2, 7, 385001
What are the prime factors of 6408785323?
83, 77214281
What are the prime factors of 1989253819?
7, 797, 356561
What are the prime factors of 1249157991?
3, 23, 18103739
List the prime factors of 50945369.
31, 179, 9181
What are the prime factors of 5834855?
5, 13, 89767
List the prime factors of 101619519.
3, 31, 313, 3491
What are the prime factors of 103100822?
2, 11, 487, 9623
What are the prime factors of 2170899769?
53, 73, 561101
What are the prime factors of 3708657513?
3, 11, 439, 85333
List the prime factors of 1016781315.
3, 5, 11, 47, 131113
What are the prime factors of 2604016663?
977, 2665319
What are the prime factors of 1174393636?
2, 13, 22584493
What are the prime factors of 81310512?
2, 3, 109, 15541
List the prime factors of 19336434.
2, 3, 13, 157, 1579
What are the prime factors of 1865773462?
2, 7, 133269533
What are the prime factors of 4396859805?
3, 5, 13, 22547999
What are the prime factors of 105916088?
2, 31, 427081
List the prime factors of 1823821216.
2, 7, 59, 2339
What are the prime factors of 539400845?
5, 71, 1519439
List the prime factors of 1398238.
2, 699119
List the prime factors of 133736573.
19, 31, 47, 4831
List the prime factors of 611950876.
2, 152987719
List the prime factors of 2325778050.
2, 3, 5, 15505187
List the prime factors of 140328393.
3, 43, 1087817
What are the prime factors of 552734461?
29, 409, 46601
List the prime factors of 109620807.
3, 36540269
List the prime factors of 54970032.
2, 3, 13, 88093
List the prime factors of 7608560698.
2, 17, 29, 83, 239, 389
What are the prime factors of 720142404?
2, 3, 60011867
What are the prime factors of 61165690?
2, 5, 347, 17627
What are the prime factors of 47162573?
17, 47, 67, 881
List the prime factors of 38536668.
2, 3, 356821
What are the prime factors of 2034246909?
3, 678082303
What are the prime factors of 26094086?
2, 919, 14197
List the prime factors of 120556304.
2, 11, 251, 2729
List the prime factors of 10059007.
7, 599, 2399
What are the prime factors of 601112911?
7, 17, 5051369
What are the prime factors of 25750646?
2, 31, 67, 6199
What are the prime factors of 661390597?
7, 313, 301867
What are the prime factors of 71799130?
2, 5, 13, 552301
List the prime factors of 100687165.
5, 20137433
List the prime factors of 2117395105.
5, 7, 8642429
What are the prime factors of 2574788529?
3, 43, 19959601
List the prime factors of 2411052821.
67, 35985863
List the prime factors of 39863708.
2, 17, 47, 12473
List the prime factors of 234060944.
2, 13, 86561
What are the prime factors of 285358791?
3, 95119597
List the prime factors of 54559265.
5, 10911853
What are the prime factors of 318605112?
2, 3, 7, 632153
List the prime factors of 90732717.
3, 1120157
What are the prime factors of 662694576?
2, 3, 83, 181, 919
What are the prime factors of 4554384444?
2, 3, 73, 79, 21937
What are the prime factors of 94224749?
227, 415087
List the prime factors of 261133522.
2, 13, 31, 323987
List the prime factors of 490137720.
2, 3, 5, 557, 7333
List the prime factors of 27356635.
5, 41, 133447
List the prime factors of 680244920.
2, 5, 347, 49009
What are the prime factors of 65780583?
3, 11, 43, 151, 307
List the prime factors of 1448121087.
3, 7, 22986049
List the prime factors of 4270314013.
7, 610044859
What are the prime factors of 70204596?
2, 3, 7, 11, 75979
What are the prime factors of 41161543?
19, 151, 14347
List the prime factors of 430911088.
2, 2707, 9949
List the prime factors of 2620217349.
3, 97045087
List the prime factors of 39219448.
2, 4902431
List the prime factors of 4558389.
3, 11, 47, 2939
What are the prime factors of 143102907?
3, 29, 59, 9293
What are the prime factors of 554966127?
3, 29, 43, 53, 311
List the prime factors of 118398470.
2, 5, 11839847
What are the prime factors of 4116062848?
2, 17, 111269
What are the prime factors of 23144608?
2, 723269
List the prime factors of 1641490193.
7, 5381, 43579
List the prime factors of 41681017.
7, 137, 887
List the prime factors of 304397897.
31, 47, 401, 521
What are the prime factors of 65154313?
7, 9307759
What are the prime factors of 37710361?
13, 2900797
What are the prime factors of 730656190?
2, 5, 11, 6642329
List the prime factors of 383909115.
3, 5, 31, 825611
List the prime factors of 380993606.
2, 7, 353, 77093
List the prime factors of 5349286972.
2, 89, 739, 20333
What are the prime factors of 1740024774?
2, 3, 32222681
What are the prime factors of 318158121?
3, 106052707
What are the prime factors of 4053784805?
5, 7, 19, 6095917
What are the prime factors of 35112116?
2, 13, 51941
What are the prime factors of 140171909?
53, 139, 359
List the prime factors of 138646948.
2, 11, 3151067
List the prime factors of 564142801.
5387, 104723
What are the prime factors of 49598358?
2, 3, 67, 123379
What are the prime factors of 97291855?
5, 19458371
List the prime factors of 1307176422.
2, 3, 217862737
List the prime factors of 21172272.
2, 3, 11, 40099
List the prime factors of 1223396843.
83, 257, 691
List the prime factors of 157132887.
3, 17, 3081037
List the prime factors of 48333393.
3, 761, 7057
List the prime factors of 495488240.
2, 5, 13, 347, 1373
What are the prime factors of 309396470?
2, 5, 30939647
List the prime factors of 500858802.
2, 3, 3091721
What are the prime factors of 593855934?
2, 3, 7, 17, 831731
What ar